is -3 - 9 - (6 - -3 - 31)?
10
Calculate -3 + 1 + (4 - 6) + 8.
4
Evaluate 1 - (-67 + 35 - -11).
22
Calculate -4 + 23 + (-286 - -235).
-32
What is 13 - -19 - 0 - 23?
9
What is 16 + (60 + -56 - (9 - 1))?
12
What is the value of -1 + 1 - -7 - (15 + -10) - 7?
-5
Evaluate -7 + 0 + (12 - (8 + 5)).
-8
What is 4 + (19 - -1) - 15?
9
What is the value of (-2 - -1) + (-10 - (37 + -32))?
-16
0 + -3 - ((18 - 23) + 22)
-20
What is 10 - (-9 + 19 - 15 - -16)?
-1
Evaluate -11 - -19 - (-2 + -1 + 6) - 2.
3
What is 9 - -4 - (5 - (-2 - (3 - 7)))?
10
Evaluate 4 - 0 - 53 - (-85 + 66).
-30
Evaluate -14 + -4 - -1 - -31.
14
What is 0 - -2 - (-1 + -16 + 21) - -3?
1
What is the value of (-86 - -94) + (-3 - -3)?
8
What is the value of 8 + -3 + 2 + (-35 - 0)?
-28
2 + 3 + 0 + -21 + 22 + 7
13
What is the value of -6 + (5 - -4) + -4 + 8?
7
What is the value of -3 + 11 - (-7 + -1 + 1 + -3)?
18
(-10 - -10) + (-1 - 16) - (19 + -17)
-19
-10 + (4 - 4 - 1) + 14 + -8
-5
Evaluate -8 - 4 - (1 + 12 + -18) - -5.
-2
Evaluate 1 - -13 - (-55 - -52 - (-11 + 5)).
11
Evaluate (2 - 26) + (-13 - (-4 + 2 + -6)).
-29
Evaluate -7 + -11 - (13 + -5 + 3 - 6).
-23
What is the value of 3 + 0 - (4 - (-8 - -24) - -23)?
-8
What is the value of -4 + (10 - 21) + 1?
-14
What is the value of (-28 - (6 + -32)) + 2 + -15?
-15
What is 12 - (24 + 13 + (-6 - 10))?
-9
Evaluate -4 + -11 + 12 + -10 + 0 + 3.
-10
What is 4 - (14 + -5 + 1 - 6)?
0
13 + (-7 - -3) - (8 + -5)
6
Calculate (-2 - 12) + 5 + 19.
10
Evaluate (16 - -3 - 11) + -11.
-3
Evaluate (-11 + 2 + 10 - -13) + 10.
24
Evaluate 12 - (-5 + 8 - -6) - -8.
11
Calculate 191 - 191 - (-3 - (3 - (0 + 0))).
6
Calculate -13 - -5 - (-45 + 16).
21
6 + -1 + (62 - 49)
18
Calculate -25 + 32 + -10 + 1.
-2
Evaluate -8 + (-2 - -6 - (-7 + -8)).
11
139 + -142 + (0 - -3) + -3 + -16
-19
What is 644 + -654 + -1 + (0 - -2)?
-9
What is (3 - (-1 + 2) - -21) + 272 + -269?
26
What is 2 + 16 + -26 + 14?
6
1 - (1 + 1 + -8) - (-1495 + 1485)
17
What is 4 - (-1 + (0 - 1)) - (-107 - -119)?
-6
What is the value of (-3 - -10) + (-11 - -8) - -6?
10
Evaluate 47 + -36 + -17 + 0 + -4.
-10
Evaluate -4 - (-20 - (-14 - 3)).
-1
Evaluate (-16 - (1 - 0)) + -2 + (1722 - 1723).
-20
(-29 - (24 - 5)) + 9 - -18
-21
What is the value of 4 - (-6 + 14 - 3) - 0?
-1
Evaluate 1 - (-9 + 2) - (-37 + 56 + -5).
-6
Calculate -24 + (-4 - (-11 + -5)).
-12
Evaluate -2 + -3 + -2 + (-11 - -16).
-2
-12 + 13 + (-12 - -2)
-9
-7 + (37 - 19 - ((11 - 6) + -3))
9
What is the value of -61 + (66 - (28 + 10))?
-33
(-3 - 1) + 4 + (-15 + 30 - 13)
2
Evaluate 7 - (8 - (12 + (-12 - -4)) - 8).
11
Evaluate -54 - -45 - (-2 + (-2 - -7) + -20).
8
-13 + 24 - 20 - (18 + -6)
-21
What is the value of (15 + 15 - (10 - 0)) + (1 - 2)?
19
Calculate (-6 - -1) + -33 + 27 + 0.
-11
What is -85 + 89 - (0 - -5)?
-1
Evaluate -2 - (-2 + -2 + 0) - (-39 - -32).
9
Calculate 27 + 1 + (-394 - -363).
-3
Evaluate (-6 + 8 - 5) + 4 + 6 + -6.
1
Calculate -11 + 0 + 24 - 21 - -19.
11
What is -133 + 148 - (27 + -2 + 1)?
-11
What is the value of 8 - ((0 - 1) + 23 + 0 + 7)?
-21
(-55 - -32) + 15 + 0 + 22
14
Evaluate -38 + 52 - (5 + -6).
15
What is the value of 11 - (6 - 4 - (5 - 4)) - -1?
11
(63 - (25 - 9)) + (2 - 17)
32
Calculate -11 + (5 - (-23 + 8 + -12)).
21
What is 8 - -2 - (4 - -6)?
0
Calculate -11 + (-2 + -3 - 1 - (1 + -11)).
-7
Evaluate -3 + (13 - (-9 + (1 - -12))).
6
Calculate 1 + (-4 - ((0 - 5) + -9)).
11
8 + (-22 - -6 - (-11 + 3))
0
Evaluate (10 + -12 - 17) + 11.
-8
Evaluate (31 - 0) + (-18 + 64 - 55).
22
Evaluate 390 + -354 - (0 - -4).
32
What is the value of 1 - ((-4 - (-2 + 0)) + 4 + 1)?
-2
What is the value of 3 + 7 - (-46 + 50 + -2 + 1)?
7
What is the value of (-13 + 30 - 9) + (3 - -3)?
14
Calculate -16 - -35 - (-1 + 26).
-6
-14 - (-6 + -5 + -1 + 2 + 2)
-6
Calculate -4 + 9 + (166 - 179).
-8
Calculate -4 - 5 - (-12 - 1).
4
79 + -67 + (-19 - 3)
-10
What is the value of (-430 - -400) + (38 - 0)?
8
What is the value of -5 - (-5 + 4 - -11) - 0?
-15
Evaluate 2 - -19 - (38 - 21 - 15).
19
Evaluate 6 - -4 - (-30 - (-42 + 5)).
3
Evaluate -14 + 14 - (-3 + -2 - -1) - 18.
-14
Evaluate -11 - (-18 - -8) - -12.
11
Calculate 38 - ((13 - 16) + 16).
25
What is (-8 - 8 - 1) + 13?
-4
Calculate 3 - -1 - (6 + 8) - (-5 + 4).
-9
What is -5 - (8 - (-8 - -28)) - -2?
9
Evaluate -1 + 11 - (-21 - (-27 - 18)).
-14
Calculate 8 - (6 - (10 - 13 - -4)).
3
Calculate 7 + 7 - 20 - (1 - (2 - 0)).
-5
What is the value of -6 + 4 + 4 - (-1 - 3) - 20?
-14
-2 - 2 - (-7 + -6) - 0
9
Evaluate -5 - (-48 + 33 + -18).
28
What is 6 + (18 - 23) + -3 + 2 + -11?
-11
Evaluate -8 + -6 - (4 - 7).
-11
What is 1 + 10 + -11 + -5 + 0 + 10?
5
Calculate 8 + (-2 - (-3 + 3)) + -2 + -23.
-19
Evaluate 7 - (10 + -1) - (6 - 0).
-8
(8 + -2 + -1 - 14) + -4 + -1
-14
Calculate 4 + 7 + -11 + 6 + (0 - -7).
13
Calculate -5 - (-11 + 0 + (6 - -1)).
-1
2 - 0 - (-1 - ((7 - 3) + -1))
6
Calculate 3 + -2 + ((5 - 5) + 5 - 15).
-9
What is (-5 - 24) + 12 + 4?
-13
What is the value of -2 - 0 - -11 - 2 - (615 - 594)?
-14
Calculate 11 + -10 + (-12 - 0).
-11
What is -17 - (-42 + 40) - 0?
-15
Evaluate (-1 + 7 - (0 + (-10 - -10))) + 7.
13
What is (-1 - -3) + 5 + 0 + 1090 + -1083?
14
What is 37 + (-11 + 31 - 28)?
29
Calculate 14 - (13 + (8 - 12)).
5
Evaluate -36 - ((19 - 14) + -9).
-32
What is the value of (-15 - (-8 - -5)) + (7 - (5 - 4))?
-6
6 - (22 + -13 + -32 + 14)
15
What is 1 - (1 - 2) - (23 + 6 + -31)?
4
-1 + 10 + -6 + (-26 - -23)
0
What is (-105 - -109) + (-9 - 3)?
-8
Evaluate (0 - (-8 + -3)) + -20.
-9
Evaluate -29 + 9 - 8 - -13.
-15
(3 + 0 - (-12 - -13)) + (-1 - -11)
12
What is -5 + (-15 - -22) + 5 + -3 + 0?
4
Evaluate 1 + (3 + -2 - ((0 - 8) + 6)).
4
What is the value of -13 - (-11 + 51 - 24)?
-29
What is the value of 637 - 663 - (-1 - -2)?
-27
Calculate 51 - 48 - (-1 - -3 - 7).
8
What is 534 + -511 - (45 - 0)?
-22
What is (-5 - (-13 + 23)) + 0 + 43?
28
2 + (3 - 6) - 5
-6
What is 0 + 1 + 0 + (1 - -3) + 8?
13
-36 - -42 - (-7 - -2 - -2)
9
What is 9 + (10 + -22 - -28) + -21?
4
What is the value of 17 + -16 + (-16 - -8) + 5?
-2
4 + (1 - (6 - (-3 - -9)))
5
What is the value of (77 + -66 - (1 - -4)) + (-2 - 25)?
-21
Evaluate 1 + (-3 + -3 - (1 - 3)) + -2.
-5
(2 - (4 + -7)) + -17 + 0 + 1
-11
(-1 - (8 + -4)) + (-33 - (-36 + 21))
-23
(-7 + -1 - 4) + 20 - (-1 - 2)
11
-1 + 1 + 45 + -28 + (-13 - -2)
6
What is (6 + -6 - -2) + 15 + -4?
13
Evaluate (4 - 18) + (8 + 6 + -10 - 4).
-14
What is the value of (-1 - (3 - 10)) + -12?
-6
What is the value of 1 + 14 + -35 + 14?
-6
What is -4 + (5 + (4 - 5) - 6) + 9?
3
What is -17 + 3 - (134 - 119 - (-1 + 11))?
-19
Calculate -2 + -7 + -22 - -17.
-14
Calculate (8 + -4 - (-8 + -1 + 11)) + 31.
33
What is the value of (15 - -5) + -27 - -15?
8
Evaluate 14 + 0 + 0 - 20.
-6
(0 - -6) + (-31 - -5) + 5 + -8
-23
What is the value of (-6 - (-9 + -11 + (-5 - -6))) + -11?
2
17 - (2 + -1 + -25 + 29)
12
(-13 - 1) + (98 - (18 - -43))
23
Evaluate (9 - 8 - -25) + (-7 + 0 - 1).
18
Calculate -10 - (-15 - (11 - 24)).
-8
What is the value of (0 - 6) + (-17 - -36 - 13)?
0
What is the value of (-43 - -27) + (-1 - -9) - -14?
6
Evaluate -143 - -142 - (1 - (5 + -2 + 2)).
3
Evaluate 5 + (-7 - (-9 - -2)) + -7.
-2
-25 + -14 + -11 + 29
-21
What is the value of 5 + (-15 - (8 - 16)) + 11 + 4?
13
Calculate (-13 - -5 - -16) + -6 + -8.
-6
What is 6 - ((-9 - (-4 + -12)) + -19)?
18
What is the value of (-2 - 34) + (103 - 64)?
3
What is the value of -10 + (8 + 1 + 17 + -18 - -7)?
5
Evaluate -183 - -167 - (-9 + -1).
-6
(-5 - (-7 + 2) - 4) + 16 - -2
14
What is -45 + 3 + 21 + 23?
2
What is (-64 - -61 - (-1 + -5)) + 1 + 14?
18
What is -16 + 7 - -14 - 1?
4
What is the value of 110 + -142 - (-22 + 2)?
-12
What is -2 + 2 + (-65 - -55)?
-10
Calculate -10 + (-2 + (-4 - 2) - -2).
-16
Calculate 52 - 10 - 50 - (-5 - 0).
-3
-12 + (9 - 5 - -1 - (2 - 3))
-6
Evaluate 0 - -3 - (-36 - -34) - (-4 + -3).
12
Calculate -17 + (2 - (-6 + 20) - (10 - 14)).
-25
What is the value of -3 + (7 + -3 - 2) - (18 + -7)?
-12
What is (-13 - 4) + (-8 - -23) - (0 + 9)?
-11
What is -14 + (3 + -9 - -9)?
-11
What is 5 + 4 + 0 + (2 - -1 - 7)?
5
Calculate (-1 - -2) + (-12 - (-46 + 35)).
0
Evaluate (-287 - -287) + (-3 - (-13 - 2)).
12
Evaluate 0 + 5 + (314 - 312) + -23.
-16
Evaluate 5 - ((9 - 0) + 6).
-10
What is the value of 0 + (-28 - (4 - 56))?
24
(-15 - -7 - -13) + -18 + 33
20
Calculate 5 - 1 - (